{"id":263398,"date":"2026-01-14T12:42:36","date_gmt":"2026-01-14T11:42:36","guid":{"rendered":"https:\/\/stage.oktober.de\/gruene-essen\/?post_type=mec-events&#038;p=263398"},"modified":"2026-01-14T14:26:05","modified_gmt":"2026-01-14T13:26:05","slug":"ag-demokratie-und-menschenwuerde-5","status":"publish","type":"mec-events","link":"https:\/\/stage.oktober.de\/gruene-essen\/termine\/ag-demokratie-und-menschenwuerde-5\/","title":{"rendered":"AG Demokratie und Menschenw\u00fcrde"},"content":{"rendered":"\n<p><\/p>\n\n\n\n<p>Als AG Demokratie und Menschenw\u00fcrde besch\u00e4ftigen wir uns mit gesellschaftlicher Teilhabe, Antidiskriminierungsarbeit und Extremismus(pr\u00e4vention). <\/p>\n\n\n\n<p>Wir beleuchten dabei Diskriminierungsformen, wie z. B. Ableismus, Antisemitismus, Klassizismus, LGBTIQ*-Feindlichkeit, Rassismus und Sexismus. Wir bilden uns dazu weiter, tauschen uns \u00fcber Erfahrungen aus und diskutieren politische Entwicklungen. Wir realisieren auch Projekte im Bereich Erinnerungskultur und Antidiskriminierungsarbeit in Essen.<\/p>\n\n\n\n<p>Komm gerne zu unserem n\u00e4chsten Treffen!&nbsp;<\/p>\n\n\n\n<p>Ramona und Falk von der AG <\/p>\n\n\n\n<p>Kontakt unter: <a href=\"mailto:Demokratie@gruene-essen.de\">Demokratie@gruene-essen.de<\/a>&nbsp;<\/p>\n","protected":false},"excerpt":{"rendered":"<p>Als AG Demokratie und Menschenw\u00fcrde besch\u00e4ftigen wir uns mit gesellschaftlicher Teilhabe, Antidiskriminierungsarbeit und Extremismus(pr\u00e4vention). Wir beleuchten dabei Diskriminierungsformen, wie z. B. Ableismus, Antisemitismus, Klassizismus, LGBTIQ*-Feindlichkeit, Rassismus und Sexismus. Wir bilden uns dazu weiter, tauschen uns \u00fcber Erfahrungen aus und diskutieren politische Entwicklungen. Wir realisieren auch Projekte im Bereich Erinnerungskultur und Antidiskriminierungsarbeit in Essen. Komm gerne [&hellip;]<\/p>\n","protected":false},"author":8,"featured_media":0,"comment_status":"closed","ping_status":"closed","template":"","mec_category":[63,62],"mec_tag":[],"class_list":["post-263398","mec-events","type-mec-events","status-publish","hentry","mec_category-arbeitsgruppen","mec_category-kreisverband"],"acf":[],"_links":{"self":[{"href":"https:\/\/stage.oktober.de\/gruene-essen\/wp-json\/wp\/v2\/mec-events\/263398","targetHints":{"allow":["GET"]}}],"collection":[{"href":"https:\/\/stage.oktober.de\/gruene-essen\/wp-json\/wp\/v2\/mec-events"}],"about":[{"href":"https:\/\/stage.oktober.de\/gruene-essen\/wp-json\/wp\/v2\/types\/mec-events"}],"author":[{"embeddable":true,"href":"https:\/\/stage.oktober.de\/gruene-essen\/wp-json\/wp\/v2\/users\/8"}],"replies":[{"embeddable":true,"href":"https:\/\/stage.oktober.de\/gruene-essen\/wp-json\/wp\/v2\/comments?post=263398"}],"wp:attachment":[{"href":"https:\/\/stage.oktober.de\/gruene-essen\/wp-json\/wp\/v2\/media?parent=263398"}],"wp:term":[{"taxonomy":"mec_category","embeddable":true,"href":"https:\/\/stage.oktober.de\/gruene-essen\/wp-json\/wp\/v2\/mec_category?post=263398"},{"taxonomy":"mec_tag","embeddable":true,"href":"https:\/\/stage.oktober.de\/gruene-essen\/wp-json\/wp\/v2\/mec_tag?post=263398"}],"curies":[{"name":"wp","href":"https:\/\/api.w.org\/{rel}","templated":true}]}}

AG Demokratie und Menschenwürde

<p></p>



<p>Als AG Demokratie und Menschenwürde beschäftigen wir uns mit gesellschaftlicher Teilhabe, Antidiskriminierungsarbeit und Extremismus(prävention). </p>



<p>Wir beleuchten dabei Diskriminierungsformen, wie z. B. Ableismus, Antisemitismus, Klassizismus, LGBTIQ*-Feindlichkeit, Rassismus und Sexismus. Wir bilden uns dazu weiter, tauschen uns über Erfahrungen aus und diskutieren politische Entwicklungen. Wir realisieren auch Projekte im Bereich Erinnerungskultur und Antidiskriminierungsarbeit in Essen.</p>



<p>Komm gerne zu unserem nächsten Treffen!&nbsp;</p>



<p>Ramona und Falk von der AG </p>



<p>Kontakt unter: <a href="mailto:Demokratie@gruene-essen.de">Demokratie@gruene-essen.de</a>&nbsp;</p>

<p>Als AG Demokratie und Menschenwürde beschäftigen wir uns mit gesellschaftlicher Teilhabe, Antidiskriminierungsarbeit und Extremismus(prävention). Wir beleuchten dabei Diskriminierungsformen, wie z. B. Ableismus, Antisemitismus, Klassizismus, LGBTIQ*-Feindlichkeit, Rassismus und Sexismus. Wir bilden uns dazu weiter, tauschen uns über Erfahrungen aus und diskutieren politische Entwicklungen. Wir realisieren auch Projekte im Bereich Erinnerungskultur und Antidiskriminierungsarbeit in Essen. Komm gerne [&hellip;]</p>
