{"id":261950,"date":"2025-07-22T12:08:55","date_gmt":"2025-07-22T10:08:21","guid":{"rendered":"https:\/\/stage.oktober.de\/gruene-essen\/?page_id=261950"},"modified":"2026-03-13T14:31:58","modified_gmt":"2026-03-13T13:31:58","slug":"rats-und-direktwahlkreis-kandidatinnen","status":"publish","type":"page","link":"https:\/\/stage.oktober.de\/gruene-essen\/archiv\/rats-und-direktwahlkreis-kandidatinnen\/","title":{"rendered":"Rats- und Direktwahlkreis-Kandidat*innen"},"content":{"rendered":"<p>[et_pb_section fb_built=&#8220;1&#8243; admin_label=&#8220;image header section&#8220; _builder_version=&#8220;4.27.4&#8243; _module_preset=&#8220;default&#8220; background_color=&#8220;gcid-3b72b89c-5cd2-422f-95e1-8f438e35cd49&#8243; background_enable_image=&#8220;off&#8220; custom_margin=&#8220;0px||0px||false|false&#8220; custom_margin_tablet=&#8220;-102px||||false|false&#8220; custom_margin_phone=&#8220;0px||0px||false|false&#8220; custom_margin_last_edited=&#8220;on|phone&#8220; custom_padding=&#8220;0px||0px||false|false&#8220; locked=&#8220;off&#8220; global_colors_info=&#8220;{%22gcid-3b72b89c-5cd2-422f-95e1-8f438e35cd49%22:%91%22background_color%22%93}&#8220;][et_pb_row admin_label=&#8220;edit image background here&#8220; _builder_version=&#8220;4.27.4&#8243; _module_preset=&#8220;default&#8220; background_enable_color=&#8220;off&#8220; background_image=&#8220;https:\/\/stage.oktober.de\/gruene-essen\/wp-content\/uploads\/2025\/07\/1910-1327-max.jpg&#8220; background_enable_video_mp4=&#8220;off&#8220; width=&#8220;100%&#8220; max_width=&#8220;100%&#8220; height=&#8220;90vh&#8220; height_tablet=&#8220;75vh&#8220; height_phone=&#8220;65vh&#8220; height_last_edited=&#8220;on|phone&#8220; custom_margin=&#8220;0px||0px||false|false&#8220; custom_padding=&#8220;0px|0px|0px|0px|false|false&#8220; custom_css_before=&#8220;content:%22%22;||display: block;||position: absolute;||top: 0;||left: 0;||width: 100%;||height: 100%;||background: rgb(0,0,0);||background: linear-gradient(180deg, rgba(0,0,0,0.6) 0%, rgba(0,0,0,0) 30%);||z-index: 9;&#8220; global_colors_info=&#8220;{}&#8220;][et_pb_column type=&#8220;4_4&#8243; _builder_version=&#8220;4.27.4&#8243; _module_preset=&#8220;default&#8220; pac_dcm_carousel_specific_module_num=&#8220;0&#8243; global_colors_info=&#8220;{}&#8220; admin_label=&#8220;empty column&#8220;][\/et_pb_column][\/et_pb_row][et_pb_row custom_padding_last_edited=&#8220;on|tablet&#8220; admin_label=&#8220;Headline + Intro&#8220; _builder_version=&#8220;4.27.4&#8243; _module_preset=&#8220;default&#8220; background_color=&#8220;gcid-3b72b89c-5cd2-422f-95e1-8f438e35cd49&#8243; position_origin_a=&#8220;center_center&#8220; z_index=&#8220;10&#8243; width=&#8220;90%&#8220; width_tablet=&#8220;90%&#8220; width_phone=&#8220;100%&#8220; width_last_edited=&#8220;on|desktop&#8220; max_width=&#8220;1360px&#8220; module_alignment=&#8220;center&#8220; custom_margin=&#8220;-120px||0px||false|false&#8220; custom_margin_tablet=&#8220;-100px||||false|true&#8220; custom_margin_phone=&#8220;0px||||false|true&#8220; custom_margin_last_edited=&#8220;on|phone&#8220; custom_padding=&#8220;40px|40px|100px|40px|false|true&#8220; custom_padding_tablet=&#8220;30px|30px|80px|30px|false|true&#8220; custom_padding_phone=&#8220;30px|5%|60px|5%|false|true&#8220; animation_direction=&#8220;bottom&#8220; border_radii=&#8220;off|12px|12px||&#8220; border_radii_tablet=&#8220;off|12px|12px||&#8220; border_radii_phone=&#8220;on|0px|0px|0px|0px&#8220; border_radii_last_edited=&#8220;on|phone&#8220; locked=&#8220;off&#8220; global_colors_info=&#8220;{%22gcid-3b72b89c-5cd2-422f-95e1-8f438e35cd49%22:%91%22background_color%22%93}&#8220;][et_pb_column type=&#8220;4_4&#8243; _builder_version=&#8220;4.18.0&#8243; _module_preset=&#8220;default&#8220; pac_dcm_carousel_specific_module_num=&#8220;0&#8243; global_colors_info=&#8220;{}&#8220;][et_pb_text _builder_version=&#8220;4.27.4&#8243; _module_preset=&#8220;80476f27-6bc1-43ce-9ebb-b607a92ae3ed&#8220; text_font_size=&#8220;25px&#8220; text_line_height=&#8220;1.4em&#8220; header_text_align=&#8220;left&#8220; header_text_color=&#8220;gcid-26293277-91c6-4eda-968e-3d49aa22b88e&#8220; header_6_text_color=&#8220;gcid-26293277-91c6-4eda-968e-3d49aa22b88e&#8220; text_font_size_tablet=&#8220;20px&#8220; text_font_size_phone=&#8220;18px&#8220; header_font_size_tablet=&#8220;40px&#8220; header_font_size_phone=&#8220;40px&#8220; global_colors_info=&#8220;{%22gcid-26293277-91c6-4eda-968e-3d49aa22b88e%22:%91%22header_text_color%22,%22header_6_text_color%22%93}&#8220; admin_label=&#8220;headline + topline&#8220;]<\/p>\n<h6>Wir f\u00fcr euch<\/h6>\n<h1>Unsere Kandidat*innen<\/h1>\n<p>[\/et_pb_text][et_pb_text _builder_version=&#8220;4.27.4&#8243; _module_preset=&#8220;80476f27-6bc1-43ce-9ebb-b607a92ae3ed&#8220; text_text_color=&#8220;gcid-26293277-91c6-4eda-968e-3d49aa22b88e&#8220; text_font_size=&#8220;1.75rem&#8220; text_line_height=&#8220;140%&#8220; header_text_align=&#8220;left&#8220; header_font_size=&#8220;48px&#8220; header_line_height=&#8220;1.1em&#8220; custom_margin=&#8220;0px||0px||false|false&#8220; custom_margin_tablet=&#8220;0px||0px||false|false&#8220; custom_margin_phone=&#8220;0px||0px||false|false&#8220; custom_margin_last_edited=&#8220;on|tablet&#8220; custom_padding=&#8220;||10px||false|false&#8220; text_font_size_tablet=&#8220;1.38rem&#8220; text_font_size_phone=&#8220;1.13rem&#8220; text_font_size_last_edited=&#8220;on|phone&#8220; header_font_size_tablet=&#8220;40px&#8220; header_font_size_phone=&#8220;40px&#8220; global_colors_info=&#8220;{%22gcid-26293277-91c6-4eda-968e-3d49aa22b88e%22:%91%22text_text_color%22%93}&#8220; admin_label=&#8220;intro text&#8220;]<\/p>\n<p><strong>Gr\u00fcn &#8211; engagiert f\u00fcr Euch in Essen.<\/strong><br \/>Unsere Ratskandidat*innen und Direktkandidat*innen f\u00fcr die Kommunalwahl 2025 stehen f\u00fcr eine zukunftsf\u00e4hige, gerechte und lebenswerte Stadt. Hier stellen wir Dir die Menschen vor, die f\u00fcr den Rat der Stadt Essen und die Wahlkreise antreten \u2013 engagiert, kompetent und mit klaren gr\u00fcnen Zielen.<\/p>\n<p>[\/et_pb_text][et_pb_divider color=&#8220;gcid-199daad1-2b53-4058-bd6a-939775a85600&#8243; divider_style=&#8220;dotted&#8220; divider_position=&#8220;bottom&#8220; divider_weight=&#8220;1.5px&#8220; _builder_version=&#8220;4.27.4&#8243; _module_preset=&#8220;default&#8220; custom_margin=&#8220;0px||0px||false|false&#8220; custom_padding=&#8220;||||false|false&#8220; locked=&#8220;off&#8220; global_colors_info=&#8220;{%22gcid-199daad1-2b53-4058-bd6a-939775a85600%22:%91%22color%22%93}&#8220;][\/et_pb_divider][et_pb_text _builder_version=&#8220;4.27.4&#8243; _module_preset=&#8220;default&#8220; text_text_color=&#8220;gcid-199daad1-2b53-4058-bd6a-939775a85600&#8243; text_font_size=&#8220;13px&#8220; text_letter_spacing=&#8220;0.2px&#8220; text_line_height=&#8220;1.3em&#8220; text_orientation=&#8220;right&#8220; custom_margin_tablet=&#8220;|0px||0px|false|true&#8220; custom_margin_phone=&#8220;|0px||0px|false|true&#8220; custom_margin_last_edited=&#8220;on|tablet&#8220; custom_padding=&#8220;10px||||false|false&#8220; hover_enabled=&#8220;0&#8243; text_font_size_tablet=&#8220;12px&#8220; text_font_size_phone=&#8220;11px&#8220; text_font_size_last_edited=&#8220;on|desktop&#8220; text_orientation_tablet=&#8220;right&#8220; text_orientation_phone=&#8220;left&#8220; text_orientation_last_edited=&#8220;on|desktop&#8220; locked=&#8220;off&#8220; global_colors_info=&#8220;{%22gcid-199daad1-2b53-4058-bd6a-939775a85600%22:%91%22text_text_color%22%93}&#8220; admin_label=&#8220;copyright text&#8220; sticky_enabled=&#8220;0&#8243;]<\/p>\n<p>\u00a9 Foto-Credit: Ben Roth, Duisburg<\/p>\n<p>[\/et_pb_text][\/et_pb_column][\/et_pb_row][\/et_pb_section][et_pb_section fb_built=&#8220;1&#8243; admin_label=&#8220;badge (exp.15-09-25)&#8220; module_class=&#8220;badge-section&#8220; _builder_version=&#8220;4.27.4&#8243; _module_preset=&#8220;default&#8220; background_color=&#8220;RGBA(255,255,255,0)&#8220; positioning=&#8220;absolute&#8220; position_origin_a=&#8220;top_right&#8220; display_conditions=&#8220;W3siaWQiOiI5MjRlNTIyYi02YTM5LTQ0NTctYTM4OS02ZWE3NzczNDNmNjgiLCJjb25kaXRpb24iOiJkYXRlVGltZSIsImNvbmRpdGlvblNldHRpbmdzIjp7ImRpc3BsYXlSdWxlIjoiaXNCZWZvcmUiLCJkYXRlIjoiMjAyNS0wOS0xNSIsInRpbWUiOiIwMDowMCIsIndlZWtkYXlzIjoifCIsImFsbERheSI6Im9uIiwiZnJvbVRpbWUiOiIwMDowMCIsInVudGlsVGltZSI6IjAwOjAwIiwicmVwZWF0Ijoib2ZmIiwicmVwZWF0RnJlcXVlbmN5IjoibW9udGhseSIsInJlcGVhdEZyZXF1ZW5jeVNwZWNpZmljRGF5cyI6IndlZWtseSIsInJlcGVhdEVuZCI6Im5ldmVyIiwicmVwZWF0VW50aWxEYXRlIjoiMjAyNS03LTI1IiwicmVwZWF0VGltZXMiOiIzIiwiYWRtaW5MYWJlbCI6IkRhdGUgJiBUaW1lIiwiZW5hYmxlQ29uZGl0aW9uIjoib24ifSwib3BlcmF0b3IiOiJPUiJ9XQ==&#8220; custom_margin=&#8220;0px||0px||false|false&#8220; custom_padding=&#8220;0px||0px||false|false&#8220; locked=&#8220;off&#8220; global_colors_info=&#8220;{}&#8220;][et_pb_row _builder_version=&#8220;4.27.4&#8243; _module_preset=&#8220;default&#8220; background_color=&#8220;RGBA(255,255,255,0)&#8220; position_origin_a=&#8220;top_right&#8220; width=&#8220;90%&#8220; width_tablet=&#8220;90%&#8220; width_phone=&#8220;90%&#8220; width_last_edited=&#8220;on|desktop&#8220; max_width=&#8220;1920px&#8220; module_alignment=&#8220;center&#8220; sticky_limit_bottom=&#8220;section&#8220; global_colors_info=&#8220;{}&#8220; positioning__hover_enabled=&#8220;off|desktop&#8220; position_origin_a__hover_enabled=&#8220;off|desktop&#8220; position_origin_f__hover_enabled=&#8220;off|desktop&#8220; position_origin_r__hover_enabled=&#8220;off|desktop&#8220;][et_pb_column type=&#8220;4_4&#8243; _builder_version=&#8220;4.25.0&#8243; _module_preset=&#8220;default&#8220; pac_dcm_carousel_specific_module_num=&#8220;0&#8243; global_colors_info=&#8220;{}&#8220;][et_pb_text content_last_edited=&#8220;off|desktop&#8220; module_class=&#8220;badge&#8220; _builder_version=&#8220;4.27.4&#8243; _dynamic_attributes=&#8220;link_option_url&#8220; _module_preset=&#8220;default&#8220; header_font=&#8220;||||||||&#8220; header_3_font=&#8220;|||on|||||&#8220; header_3_text_align=&#8220;center&#8220; header_3_text_color=&#8220;#FFFFFF&#8220; background_color=&#8220;gcid-1bnswud6-55jf-cdss-cz9x-mvj9uldax45k&#8220; width=&#8220;185px&#8220; width_tablet=&#8220;160px&#8220; width_phone=&#8220;140px&#8220; width_last_edited=&#8220;on|phone&#8220; height=&#8220;185px&#8220; height_tablet=&#8220;160px&#8220; height_phone=&#8220;140px&#8220; height_last_edited=&#8220;on|tablet&#8220; custom_padding=&#8220;|||8px|false|false&#8220; link_option_url=&#8220;@ET-DC@eyJkeW5hbWljIjp0cnVlLCJjb250ZW50IjoicG9zdF9saW5rX3VybF9wYWdlIiwic2V0dGluZ3MiOnsicG9zdF9pZCI6IjI1MDM0NiJ9fQ==@&#8220; border_radii=&#8220;on|50%|50%|50%|50%&#8220; global_colors_info=&#8220;{%22gcid-cac05cae-f6ca-4c87-83a2-2a47c7aa55a8%22:%91%22header_4_text_color%22,%22header_5_text_color%22,%22ul_text_color%22,%22ol_text_color%22,%22quote_text_color%22,%22header_4_text_color%22,%22header_5_text_color%22,%22ul_text_color%22,%22ol_text_color%22,%22quote_text_color%22,%22header_4_text_color%22,%22header_5_text_color%22,%22ul_text_color%22,%22ol_text_color%22,%22quote_text_color%22,%22header_4_text_color%22,%22header_5_text_color%22,%22ul_text_color%22,%22ol_text_color%22,%22quote_text_color%22,%22header_4_text_color%22,%22header_5_text_color%22,%22ul_text_color%22,%22ol_text_color%22,%22quote_text_color%22,%22header_4_text_color%22,%22header_5_text_color%22,%22ul_text_color%22,%22ol_text_color%22,%22quote_text_color%22,%22header_4_text_color%22,%22header_5_text_color%22,%22ul_text_color%22,%22ol_text_color%22,%22quote_text_color%22,%22header_4_text_color%22,%22header_5_text_color%22,%22ul_text_color%22,%22ol_text_color%22,%22quote_text_color%22,%22header_4_text_color%22,%22header_5_text_color%22,%22ul_text_color%22,%22ol_text_color%22,%22quote_text_color%22,%22header_4_text_color%22,%22header_5_text_color%22,%22ul_text_color%22,%22ol_text_color%22,%22quote_text_color%22,%22header_4_text_color%22,%22header_5_text_color%22,%22ul_text_color%22,%22ol_text_color%22,%22quote_text_color%22,%22header_2_text_color%22,%22header_4_text_color%22,%22header_5_text_color%22,%22ul_text_color%22,%22ol_text_color%22,%22quote_text_color%22%93,%22gcid-466dee6f-0435-49be-8fd0-bde95ff624ba%22:%91%22quote_border_color%22,%22quote_border_color%22%93,%22gcid-1bnswud6-55jf-cdss-cz9x-mvj9uldax45k%22:%91%22background_color%22%93}&#8220;]<\/p>\n<h3>Am 14.9.<br \/>\nGr\u00fcn w\u00e4hlen<\/h3>\n<p>[\/et_pb_text][\/et_pb_column][\/et_pb_row][\/et_pb_section][et_pb_section fb_built=&#8220;1&#8243; admin_label=&#8220;candidates section \u2013 large layout&#8220; module_class=&#8220;candidates-large&#8220; _builder_version=&#8220;4.27.4&#8243; _module_preset=&#8220;default&#8220; background_color=&#8220;gcid-3b72b89c-5cd2-422f-95e1-8f438e35cd49&#8243; background_enable_image=&#8220;off&#8220; custom_padding=&#8220;0px|0px|0px|0px|false|false&#8220; locked=&#8220;on&#8220; global_colors_info=&#8220;{%22gcid-3b72b89c-5cd2-422f-95e1-8f438e35cd49%22:%91%22background_color%22%93}&#8220;][et_pb_row use_custom_gutter=&#8220;on&#8220; custom_padding_last_edited=&#8220;on|desktop&#8220; _builder_version=&#8220;4.27.4&#8243; _module_preset=&#8220;default&#8220; width=&#8220;90%&#8220; width_tablet=&#8220;90%&#8220; width_phone=&#8220;100%&#8220; width_last_edited=&#8220;on|desktop&#8220; max_width=&#8220;1360px&#8220; custom_padding=&#8220;100px|40px|100px|40px|true|true&#8220; custom_padding_tablet=&#8220;80px|30px|80px|30px|true|true&#8220; custom_padding_phone=&#8220;60px|5%|60px|5%|true|true&#8220; global_colors_info=&#8220;{}&#8220;][et_pb_column type=&#8220;4_4&#8243; _builder_version=&#8220;4.27.4&#8243; _module_preset=&#8220;default&#8220; pac_dcm_carousel_specific_module_num=&#8220;0&#8243; global_colors_info=&#8220;{}&#8220;][et_pb_de_mach_archive_loop post_type_choose=&#8220;personen&#8220; loop_layout=&#8220;260180&#8243; animation_color=&#8220;gcid-primary-color&#8220; loading_bg_color=&#8220;gcid-3b72b89c-5cd2-422f-95e1-8f438e35cd49&#8243; no_posts_layout=&#8220;260399&#8243; is_main_loop=&#8220;off&#8220; posts_number=&#8220;2&#8243; custom_tax_choose=&#8220;personen_tag&#8220; include_taxomony=&#8220;rat-der-stadt&#8220; acf_name=&#8220;field_6855588b608b7&#8243; acf_value=&#8220;layout-large&#8220; sort_order=&#8220;acf_field&#8220; acf_sort_field=&#8220;field_6855299607469&#8243; acf_sort_type=&#8220;numeric&#8220; equal_height=&#8220;off&#8220; align_last_bottom=&#8220;off&#8220; columns=&#8220;1&#8243; columns_tablet=&#8220;1&#8243; module_class=&#8220;candidates-large-loop&#8220; _builder_version=&#8220;4.27.4&#8243; _module_preset=&#8220;default&#8220; global_colors_info=&#8220;{%22gcid-primary-color%22:%91%22animation_color%22%93,%22gcid-3b72b89c-5cd2-422f-95e1-8f438e35cd49%22:%91%22loading_bg_color%22%93}&#8220;][\/et_pb_de_mach_archive_loop][\/et_pb_column][\/et_pb_row][\/et_pb_section][et_pb_section fb_built=&#8220;1&#8243; admin_label=&#8220;candidates section \u2013 small dark layout&#8220; module_class=&#8220;candidates-small&#8220; _builder_version=&#8220;4.27.4&#8243; _module_preset=&#8220;default&#8220; background_color=&#8220;gcid-3b72b89c-5cd2-422f-95e1-8f438e35cd49&#8243; background_enable_image=&#8220;off&#8220; custom_padding=&#8220;0px|0px|0px|0px|false|false&#8220; locked=&#8220;on&#8220; global_colors_info=&#8220;{%22gcid-3b72b89c-5cd2-422f-95e1-8f438e35cd49%22:%91%22background_color%22%93}&#8220;][et_pb_row use_custom_gutter=&#8220;on&#8220; custom_padding_last_edited=&#8220;on|phone&#8220; _builder_version=&#8220;4.27.4&#8243; _module_preset=&#8220;default&#8220; background_color=&#8220;RGBA(255,255,255,0)&#8220; width=&#8220;90%&#8220; width_tablet=&#8220;90%&#8220; width_phone=&#8220;90%&#8220; width_last_edited=&#8220;on|phone&#8220; max_width=&#8220;1920px&#8220; custom_padding=&#8220;100px||100px||true|false&#8220; custom_padding_tablet=&#8220;80px||80px||true|false&#8220; custom_padding_phone=&#8220;60px||60px||true|false&#8220; global_colors_info=&#8220;{}&#8220;][et_pb_column type=&#8220;4_4&#8243; _builder_version=&#8220;4.27.4&#8243; _module_preset=&#8220;default&#8220; pac_dcm_carousel_specific_module_num=&#8220;0&#8243; global_colors_info=&#8220;{}&#8220;][et_pb_text _builder_version=&#8220;4.27.4&#8243; _module_preset=&#8220;80476f27-6bc1-43ce-9ebb-b607a92ae3ed&#8220; text_font_size=&#8220;25px&#8220; text_line_height=&#8220;1.4em&#8220; header_text_align=&#8220;left&#8220; header_text_color=&#8220;gcid-heading-color&#8220; header_font_size=&#8220;48px&#8220; header_line_height=&#8220;1.1em&#8220; header_2_text_color=&#8220;gcid-heading-color&#8220; header_6_text_color=&#8220;gcid-heading-color&#8220; text_font_size_tablet=&#8220;20px&#8220; text_font_size_phone=&#8220;18px&#8220; header_font_size_tablet=&#8220;40px&#8220; header_font_size_phone=&#8220;40px&#8220; locked=&#8220;off&#8220; global_colors_info=&#8220;{%22gcid-heading-color%22:%91%22header_text_color%22,%22header_2_text_color%22,%22header_6_text_color%22%93}&#8220;]<\/p>\n<h6>Wir f\u00fcr euch<\/h6>\n<h2>Ratsliste<\/h2>\n<p>[\/et_pb_text][et_pb_de_mach_archive_loop post_type_choose=&#8220;personen&#8220; loop_layout=&#8220;260476&#8243; animation_color=&#8220;gcid-3b72b89c-5cd2-422f-95e1-8f438e35cd49&#8243; loading_bg_color=&#8220;gcid-primary-color&#8220; no_posts_layout=&#8220;260395&#8243; is_main_loop=&#8220;off&#8220; posts_number=&#8220;60&#8243; custom_tax_choose=&#8220;personen_tag&#8220; include_taxomony=&#8220;rat-der-stadt&#8220; acf_name=&#8220;field_6855588b608b7&#8243; acf_value=&#8220;layout-small&#8220; sort_order=&#8220;acf_field&#8220; acf_sort_field=&#8220;field_6855299607469&#8243; acf_sort_type=&#8220;numeric&#8220; equal_height=&#8220;off&#8220; align_last_bottom=&#8220;off&#8220; columns=&#8220;5&#8243; columns_tablet=&#8220;3&#8243; custom_gutter_width=&#8220;on&#8220; gutter_row_gap=&#8220;40px&#8220; gutter_row_column=&#8220;40px&#8220; module_class=&#8220;candidates-small-loop&#8220; _builder_version=&#8220;4.27.4&#8243; _module_preset=&#8220;default&#8220; background_color=&#8220;RGBA(255,255,255,0)&#8220; global_colors_info=&#8220;{%22gcid-3b72b89c-5cd2-422f-95e1-8f438e35cd49%22:%91%22animation_color%22%93,%22gcid-primary-color%22:%91%22loading_bg_color%22%93}&#8220;][\/et_pb_de_mach_archive_loop][\/et_pb_column][\/et_pb_row][\/et_pb_section]<\/p>\n","protected":false},"excerpt":{"rendered":"<p>Wir f\u00fcr euch Unsere Kandidat*innenGr\u00fcn &#8211; engagiert f\u00fcr Euch in Essen.Unsere Ratskandidat*innen und Direktkandidat*innen f\u00fcr die Kommunalwahl 2025 stehen f\u00fcr eine zukunftsf\u00e4hige, gerechte und lebenswerte Stadt. Hier stellen wir Dir die Menschen vor, die f\u00fcr den Rat der Stadt Essen und die Wahlkreise antreten \u2013 engagiert, kompetent und mit klaren gr\u00fcnen Zielen.\u00a9 Foto-Credit: Ben Roth, [&hellip;]<\/p>\n","protected":false},"author":1,"featured_media":0,"parent":263563,"menu_order":2,"comment_status":"closed","ping_status":"closed","template":"","meta":{"_acf_changed":false,"_et_pb_use_builder":"on","_et_pb_old_content":"","_et_gb_content_width":"","footnotes":""},"page_category":[],"class_list":["post-261950","page","type-page","status-publish","hentry"],"acf":[],"_links":{"self":[{"href":"https:\/\/stage.oktober.de\/gruene-essen\/wp-json\/wp\/v2\/pages\/261950","targetHints":{"allow":["GET"]}}],"collection":[{"href":"https:\/\/stage.oktober.de\/gruene-essen\/wp-json\/wp\/v2\/pages"}],"about":[{"href":"https:\/\/stage.oktober.de\/gruene-essen\/wp-json\/wp\/v2\/types\/page"}],"author":[{"embeddable":true,"href":"https:\/\/stage.oktober.de\/gruene-essen\/wp-json\/wp\/v2\/users\/1"}],"replies":[{"embeddable":true,"href":"https:\/\/stage.oktober.de\/gruene-essen\/wp-json\/wp\/v2\/comments?post=261950"}],"version-history":[{"count":10,"href":"https:\/\/stage.oktober.de\/gruene-essen\/wp-json\/wp\/v2\/pages\/261950\/revisions"}],"predecessor-version":[{"id":262973,"href":"https:\/\/stage.oktober.de\/gruene-essen\/wp-json\/wp\/v2\/pages\/261950\/revisions\/262973"}],"up":[{"embeddable":true,"href":"https:\/\/stage.oktober.de\/gruene-essen\/wp-json\/wp\/v2\/pages\/263563"}],"wp:attachment":[{"href":"https:\/\/stage.oktober.de\/gruene-essen\/wp-json\/wp\/v2\/media?parent=261950"}],"wp:term":[{"taxonomy":"page_category","embeddable":true,"href":"https:\/\/stage.oktober.de\/gruene-essen\/wp-json\/wp\/v2\/page_category?post=261950"}],"curies":[{"name":"wp","href":"https:\/\/api.w.org\/{rel}","templated":true}]}}